4*m = -5*l + 8, -147*m + l - 10 = -149*m. Determine y(m).
72
Let w be (71 - -5)/(1/(-20)*-5). Let q = -311 + w. Let z(s) = s - 3. Let v(n) = -n - 1. Let o(c) = -2*v(c) - z(c). Determine o(q).
-2
Suppose -3*j - j + 4 = 5*q, 2*q + j - 1 = 0. Let i(t) = -5*t - 13. Let x(h) = 2*h. Let g(n) = -i(n) - 2*x(n). Determine g(q).
13
Suppose 73*a = 81*a - 80. Suppose 0 = -t + a*t - 54. Let w(y) = -y - 1. Determine w(t).
-7
Let b be (20/30)/(2 + 5/(-3)). Let p(l) be the third derivative of 1/2*l**3 - 3*l**b + 0 + 7/24*l**4 + 0*l. What is p(-2)?
-11
Let o(y) = -159*y + 5. Let p(c) = -241*c + 4. Let x(a) = -3*o(a) + 2*p(a). Let z = -3 + 8. Give x(z).
-32
Let y = -27718 - -27701. Let s(f) = f**2 + 17*f - 16. What is s(y)?
-16
Let p(u) = 7*u**2 + 12*u + 1. Let j(i) = -6*i**2 - 11*i. Let t(d) = -6*j(d) - 5*p(d). Let w = 133 + -237. Let o = w + 98. What is t(o)?
-5
Let n(i) be the third derivative of -i**5/60 + 13*i**4/24 - i**3 - i**2 + 6. Calculate n(11).
16
Let l(f) = 3*f**2 - 8*f + 2. Let q(p) = -19*p**2 + 48*p - 10. Let i(v) = 13*l(v) + 2*q(v). Calculate i(8).
6
Suppose 73 - 233 = -8*c. Let l(k) = 13 - c + 1 - k. What is l(0)?
-6
Let t(f) = -24*f - 163. Let a(q) = -9*q - 61. Let k(l) = -11*a(l) + 4*t(l). Let s be 2/8 + 29/(-4). What is k(s)?
-2
Let t = 42453 - 42448. Let k(u) = 6*u**2 - 29*u - 8. What is k(t)?
-3
Let h(s) = -s**2 - s + 1. Let r(d) = d**2 - 6*d - 5. Let p = 5 + -7. Let n(i) = p*h(i) - r(i). Let t = -1355 - -1347. What is n(t)?
3
Let j(l) = l. Let c(d) = 8*d + 72. Let u be c(-8). Suppose 510*y - 512*y = u. Calculate j(y).
-4
Let c(d) = -2*d**2 - 3*d + 3*d**2 + 0*d + 5*d. Let a be c(-2). Let l(o) = -o - 5. Let s(m) = -3*m - 14. Let j(u) = -8*l(u) + 3*s(u). Calculate j(a).
-2
Let s(o) = 34*o**3 + o**2 - 3*o + 1. Let t(i) = 2*i**3 + i**2 - i + 1. Let y(q) = -s(q) + 2*t(q). What is y(-1)?
31
Let u(k) = -k**3 + 7*k**2 - 4*k + 7. Let g be 17/3 + (-1304)/(-978). What is u(g)?
-21
Let j = -311 + 302. Let o(i) = 2*i**2 - 2*i - 2. Let m be o(2). Let b(a) = 1 + 4*a - 14*a + 2*a - a**m. What is b(j)?
-8
Let v be 6/21 + (-138)/42. Let b(i) = -4*i**2 + 5*i. Let l(z) = 5*z**2 - 5*z - 1. Let q(x) = v*l(x) - 4*b(x). Let s(m) = m + 7. Let d be s(-3). Determine q(d).
-1
Let c be -1 - 11/(22/(-8)). Let k(b) = 4*b - 45*b**2 - 2 + b + 44*b**2. Determine k(c).
4
Let x(r) be the second derivative of -r**5/10 + 5*r**4/6 - r**3/3 + 5*r**2/2 - r - 92. Determine x(5).
-5
Let o(z) = -24*z**2 - 26*z - 17. Suppose -1 = 12*l - 25. Let y(c) = 7*c**2 + 9*c + 6. Let n(u) = l*o(u) + 7*y(u). Calculate n(-7).
-20
Let g = -9465 + 9474. Let b(y) = y**2 - 7*y - 19. Calculate b(g).
-1
Let y(c) = -7*c**2 - 17 - 33*c + 23*c + 22*c - c**2 + 5*c**2. Let q be 2*(-1 - 26/(-4)). Let i(w) = -w**2 + 4*w - 6. Let d(p) = q*i(p) - 4*y(p). Determine d(5).
7
Let m(v) = v - 42. Let x = 2443 + -2443. Determine m(x).
-42
Let o(l) = -l - 3. Let a be o(-6). Let h(z) = -z - 8 + 2 + a. Let u be (2432/1216)/(2/5). Give h(u).
-8
Let r(x) be the first derivative of -x**3/3 - 5*x**2/2 - 6*x + 9421. Suppose -19 = 4*g + 5. Calculate r(g).
-12
Suppose 0*f = -3*l - 2*f - 21, 0 = -l + f - 2. Let v(t) be the third derivative of -5/24*t**4 - 16 - 3*t**2 + 0*t - 1/6*t**3. Determine v(l).
24
Let t(k) = -k**2 + 35*k - 270. Let n be t(22). Suppose -26 = n*s - 10. Let r(f) = -29*f + 1. Determine r(s).
30
Let l(n) = 5*n**3 - 1. Let j = 61 + -131. Let x = 68 + j. Let w be (-3 - -1) + (-6)/x. Give l(w).
4
Suppose 4*k - 22 = -5*n, -3*n + 33 = -5*k + 5. Let y(p) = -2*p**2 - 4*p**2 + 5*p**2 - 7 + 6*p. What is y(n)?
-7
Let s(o) be the third derivative of o**8/10080 + o**7/1680 - 13*o**5/60 - 23*o**2 + 2*o. Let m(f) be the third derivative of s(f). Give m(-2).
2
Let s(c) be the first derivative of 7*c**5/120 - c**4/12 - c**3/3 - 2. Let z(t) be the third derivative of s(t). Suppose i - 4 = m + 2, 0 = 9*m + 36. Give z(i).
12
Let g(f) = 31*f**2 - f + 7 - 32*f**2 - 6*f. Let b = 1 + 2. Suppose -8 = c - u + 2*u, -u + 20 = -b*c. What is g(c)?
7
Let q(k) = -9*k - 13. Let u be -1*6*(-9)/27. Let i(p) = 7*p + 11. Let l(f) = u*q(f) + 3*i(f). What is l(-7)?
-14
Let k(l) = -l**2 + 54*l - 525. Suppose -5*p = -2*t - 62 + 58, 5*t - 95 = -5*p. Calculate k(t).
8
Let y = -13612 - -13603. Let d(r) be the second derivative of -r**5/20 - 5*r**4/6 - 4*r**3/3 + 4*r**2 - r. Give d(y).
-1
Suppose y - 1 = -g, y - 17 = -4*y - g. Let k(v) = -2 + 3*v - 10 - 2 - y*v. Give k(-8).
-6
Let q(i) = -2*i**2 - i + 3. Let x(u) = -u**3 + 2*u**2 + 7*u - 10. Let y be x(3). Let d be (-43)/(-258) - (y + 46/(-12)). Give q(d).
-7
Let k(m) be the first derivative of 5/2*m**2 + 1/3*m**3 - m - 45. Suppose -3*y - 28 = 5*g, 0*g - 3*y = g + 8. Calculate k(g).
-1
Let p(c) = -113*c - 2. Suppose 47*k = -53*k + 65*k + 35. Determine p(k).
-115
Let d(k) = -k**2 - 4*k + 21. Let h(p) = -195*p - 201. Let t be h(-1). Determine d(t).
9
Let t(u) = u**3 - 26*u**2 - 51*u - 138. Let p(o) = -126*o + 7084. Let c be p(56). What is t(c)?
2
Let x(i) be the first derivative of -i**4/4 - i**3 - 11*i**2/2 - 4*i + 3289. Calculate x(-3).
29
Let n(u) = 3 + 0*u - 3*u + 0. Let b(i) = i**3 - 29*i**2 + 48*i - 83. Let z be b(25). Let l = 1388 + z. Calculate n(l).
-12
Let w(j) = -14 - 32217*j**3 - 5*j + 10*j**2 + 64433*j**3 - 32215*j**3 - 3*j**2 - 4*j. Calculate w(-9).
-95
Let j(h) = -h**3 - 10*h**2 + h + 12. Let w(d) = -14*d + 65. Let k be w(4). Suppose -3*g = -k*g - 60. What is j(g)?
2
Let l be (-3026)/10 - ((-39)/15 + 2). Let v = l + 305. Let y(q) = q + 1 - 5 - 3. Calculate y(v).
-4
Let x be (-134)/(-26) - 62/403 - 10. Let f(w) = 3*w**2 + 23*w + 43. Determine f(x).
3
Let j = -50 + 34. Let z(l) be the first derivative of l**3/3 + 9*l**2 + 37*l + 383. Let y be z(j). Let g(c) = -c**3 + 6*c**2 - 6*c + 3. Calculate g(y).
-2
Let y(r) = 7*r - 2. Let n(a) = -6*a + 2. Let q(k) = 5*n(k) + 4*y(k). Let h = 34757 + -34752. Calculate q(h).
-8
Let b(m) be the first derivative of -3*m**2/2 - 8*m - 1. Suppose -750*s - 8922 = 737*s. Calculate b(s).
10
Let v = -1077 - -1072. Let s(m) be the third derivative of -m**4/12 + 5*m**3/3 - m**2. Let r(i) = 3*i - 19. Let z(d) = v*s(d) - 3*r(d). What is z(-7)?
0
Let x = 2114 - 2087. Let h(m) = -19*m + 513. Determine h(x).
0
Let y(n) be the first derivative of -n**2 + 3*n + 2403. Suppose 30 = 4*l - 2*j, -2*l + 4*j - j + 17 = 0. Determine y(l).
-11
Let z(t) = 8*t + 0*t - 15*t - 7 - t**2. Let d(m) = m**3 + m**2 - 2*m - 6. Suppose -3*f + p = 2, -f - 10 = 4*f - 5*p. Let o be d(f). What is z(o)?
-1
Let j(n) = n**2 - 9*n + 122888*n**3 - 61450*n**3 + 1 - 4*n**2 + 6 - 61437*n**3. Determine j(6).
61
Let a(o) = o**3 + 7*o**2 - 3*o - 9. Let s be a(-7). Let i(w) be the first derivative of -w**4/4 + 4*w**3 - 12*w - 155. Calculate i(s).
-12
Let f(v) = -26*v + 22. Suppose -4840*g + 4788*g + 312 = 0. Calculate f(g).
-134
Let v be ((-162)/(-24) + -5)/((-2)/(-8)). Let x(f) = v*f**2 + 8667*f + f**3 + 4 - 8667*f. Calculate x(-7).
4
Let k(o) = -2*o - 2. Let v be k(-3). Let q(c) = -2*c - 2*c - c**2 - 5 + 1 + 7*c - 2*c. Determine q(v).
-16
Let k(a) = -20 + 3438*a**2 + 3437*a**2 + 74*a + 91 - 6874*a**2. What is k(-1)?
-2
Let w(p) = 35*p**3 - 2*p**2 + p. Suppose -4*u - 7*a + 2*a = -65, -u + 4*a = -11. Suppose 177 - 162 = u*f. Calculate w(f).
34
Let d(t) = t**3 - 2*t**2 - 2*t. Let o be (5/(-10))/(35/70). Give d(o).
-1
Let m(t) = -t. Suppose -20*j - 112 = -16*j. Let f be j/42 - (-6)/9. What is m(f)?
0
Let d(h) = -h**3 - 5*h**2 - 4. Let v be (8/14)/((-43)/(-1505)). Let f be (2 - 1)*100/v*-1. Determine d(f).
-4
Let l(a) = a**3 - 93*a - 27 + 2*a**2 - 9*a**2 + 69*a - 17*a**2. What is l(25)?
-2
Let c(v) = -26*v + 18. Let z(j) = -9*j + 6. Let p(k) = -4*c(k) + 11*z(k). Let o be (-1)/(-3 + -6 + (-208)/(-23)). Let h be -5 - o/(115/50). Determine p(h).
19
Let a(c) = -3*c + 3. Let l(b) = 7*b - 76. Let w(r) = -4*a(r) - l(r). What is w(-7)?
29
Let q(h) be the second derivative of -h**4/12 - 2*h**3 - 3*h**2 + 142*h. Suppose 2*f - 5*g = -10, 131*f - 2*g = 133*f + 10. Calculate q(f).
29
Suppose -5*b - 34 = -t, -6*b - 38 = -t - 2*b. Let a(f) = 18*f + 85. Let r be a(-8). Let p = t + r. Let d(k) = k**3 + 6*k**2 + 8*k + 7. Give d(p).
-8
Let c(x) = -2*x**2 - 3*x + 19847 + x - 19913 - 2*x + 3*x**2. Give c(-6).
-6
Let y(j) be the third derivative of j**4/24 - 5*j**3/6 + j**2 - 51. Calculate y(4).
-1
Let k be (6/15)/(1/(-1 + 11)). Le